 - 10*v**2 + 10*v - 2. Let y be i(-11). List the prime factors of s(y).
2, 47
Suppose -7*j + 3*d = -4*j - 1332, -5*j = -3*d - 2216. Suppose -4*a = -2*a - 4, 3*i + 5*a = j. List the prime factors of i.
2, 3
Let o(w) = 79*w - 54. Let s(n) = 80*n - 56. Let t(p) = -2*o(p) + 3*s(p). List the prime factors of t(7).
2, 257
Suppose 0 = 5*b - b + q + 4094, -2*b - q = 2046. Let r = 1644 + b. List the prime factors of r.
2, 5, 31
Suppose -7*u + 30 = -5*u. Suppose -7*k + 55 = -u. Let r = k + 145. List the prime factors of r.
5, 31
Let z(j) = 257*j + 2. Let y be z(1). What are the prime factors of y + (-6 - -3) - -5?
3, 29
Suppose 5*x - 665 = -2*y, 5*x + 923 + 112 = 3*y. List the prime factors of y.
2, 5, 17
Let j(p) = 246*p - 275 + 149 + 141. List the prime factors of j(2).
3, 13
Let z(d) = 2*d**2 + 3*d + 8. Suppose -3*a + 30 = 2*a. Let c be z(a). Suppose 2*b - 66 = -h, 4*b + 4*h - 38 = c. List the prime factors of b.
2
Suppose 10070 = -4*x + u + 41834, x - u - 7941 = 0. What are the prime factors of x?
3, 2647
Let p = -14 + 35. Suppose -j = -5 + p. Let w = 23 + j. What are the prime factors of w?
7
Suppose -9*g = 815 + 1642. Let j = 526 + g. List the prime factors of j.
11, 23
Suppose 5*x = 3*g + g + 24, 4*x - 19 = 3*g. Suppose d - 351 = -x*w + 689, 5*d + 239 = w. List the prime factors of w.
7, 37
Suppose -4*c - 4*c = -600. Let u be 3 + 36/(-14) - c/(-21). List the prime factors of (-2)/((u/(-42))/((-18)/(-27))).
2, 7
Let b(a) = -a**3 - 8*a**2 - a - 7. Let y be b(-8). Let z(h) = 89*h**2 + 0 - y - 28*h**2. What are the prime factors of z(-2)?
3
Let v be 656/(-6) + 8/6 + -2. Let u = v + 131. Suppose 3*y + u = 390. List the prime factors of y.
3, 41
What are the prime factors of (20 + 37)/(-19)*(-202494)/18?
33749
Let m(z) be the second derivative of -3*z**5/20 - 5*z**4/6 - 4*z**3/3 + 11*z**2/2 - 54*z. List the prime factors of m(-6).
347
Suppose 2*g = 2*z + 972 - 65124, -z - 4*g + 32061 = 0. List the prime factors of z.
3, 10691
Let l = 173 - 165. Suppose l*y = 19*y - 5511. List the prime factors of y.
3, 167
Let w(z) be the second derivative of z**5/120 - 7*z**3/6 + 13*z. Let p(m) be the second derivative of w(m). What are the prime factors of p(3)?
3
Suppose 106*c = 105*c - 1430. Let s = c - -2058. What are the prime factors of s?
2, 157
Let m(x) = 103*x**2 + x - 2. Let t be (-55)/(-30) + -1 - 2/(-12). List the prime factors of m(t).
2, 3, 17
Suppose -8*v + 594 = 2. Suppose 7*t - v = 10. Suppose t*d + 174 = 18*d. What are the prime factors of d?
29
Let r(p) be the second derivative of 5*p**3/6 - 3423*p**2 + 31*p. Let y be r(0). List the prime factors of y/(-49) + 3/((-21)/(-2)).
2, 5, 7
Let h be (24/20)/((-1)/20). Let b = h + 27. Suppose -s + x + 3*x + 55 = 0, -195 = -b*s + 2*x. What are the prime factors of s?
67
Suppose 3258*b - 312018 = 3244*b. List the prime factors of b.
3, 17, 19, 23
Let g(s) = -s**3 + 63*s**2 - 148*s - 236. What are the prime factors of g(53)?
2, 3, 5, 23, 29
Let f(v) = 7*v**3 + 8*v**2 - 11*v + 187. List the prime factors of f(12).
53, 251
Let y(u) = -2*u**2 - 1 - u**2 - 2*u**3 - 1 + 2*u**2 + 3*u. Let v be y(-2). List the prime factors of (3*v/(-14))/((-8)/112).
2, 3
Let v(h) = h**2 - 15*h + 21. Suppose 5*g - 4 + 8 = 3*b, -2*b + 4*g = -2. Suppose -u = -4*w - 3, 36 = b*u - 3*w - 0*w. What are the prime factors of v(u)?
3, 7
Let n = 36 - 30. Suppose -n*q = -14*q + 2088. Let c = q + -167. List the prime factors of c.
2, 47
Let y = 3732 + -2391. What are the prime factors of y?
3, 149
Let g(u) = -u**3 + 2*u**2 + 4*u. Let y be g(-2). Suppose -3*p + 15 = -y*p. What are the prime factors of (p - 22/(-6)) + 158/6?
3
Let q(f) = 2*f**2 + 80*f + 29. What are the prime factors of q(49)?
3, 2917
List the prime factors of 22112/((-455)/(-21) - 21).
2, 3, 691
Let c(o) = -o + 13. Suppose 2*v = -2*u - 2*u + 36, u + 3*v = 9. Let p(n) = n**3 - 7*n**2 - 18*n. Let y be p(u). What are the prime factors of c(y)?
13
Let p be (8/(-4) - 14)/(0 + 1). Let k(i) = -i**3 - 15*i**2 + 2*i - 8. List the prime factors of k(p).
2, 3
Suppose 4*z - z = -g + 7993, 2*g - 14 = 0. List the prime factors of z.
2, 11
Let g = 100 + -98. Suppose -g*i + 132 - 50 = 0. Let x = 123 + i. List the prime factors of x.
2, 41
Let c(f) = 38*f**2 - 15*f + 8187. What are the prime factors of c(0)?
3, 2729
Suppose -5*w - 1 - 19 = 0. Let c(l) = -4*l**3 - 6*l**2 - 8*l - 7. List the prime factors of c(w).
5, 37
Suppose 176*g - 2089802 + 249561 + 125649 = 0. List the prime factors of g.
2, 4871
Let m = -1568 + 4702. Let j = -1307 + m. What are the prime factors of j?
3, 7, 29
Let y(w) = -1209*w - 2617. List the prime factors of y(-42).
17, 2833
Let q(l) = 3*l**2 - 37*l - 24. Let w be q(20). Let z = 883 - w. What are the prime factors of z?
3, 149
Let a = -45 - -4080. What are the prime factors of a?
3, 5, 269
Let k = 101 + -103. List the prime factors of (4/(-3))/(k*(-4)/(-2742)).
457
Suppose -i = 15 - 52. Let u = -5 + i. List the prime factors of 34 - (30/8 - 24/u).
31
Suppose -12144 = -2*p - 5*h, -4*h - 8475 - 3687 = -2*p. List the prime factors of p.
59, 103
What are the prime factors of 9 + 1224340/220 + (-2)/11?
2, 3, 929
Suppose -4*m + 4*h = -16, m - 3*h = -4*h + 4. Let i = 84 - 44. Suppose i + 60 = m*d. List the prime factors of d.
5
Let y = -1825 + 2575. Let b = y - 446. List the prime factors of b.
2, 19
Let l(o) = -3*o**3 - 15*o**2 + 119*o + 18. What are the prime factors of l(-17)?
37, 227
Suppose 0 = -2*v + 2 - 0. Let m(d) = -18*d**3 - 2*d**2 + 2*d. Let l be m(v). List the prime factors of (-708)/l - (-2)/(-6).
3, 13
Suppose 35*u - 33*u = -4*m + 20326, -m = -4*u + 40715. List the prime factors of u.
10177
Let j(s) = 52*s - 78. Let c be j(4). Let r = c + 915. What are the prime factors of r?
5, 11, 19
Let q(r) = 83*r**3 + 3*r**2 + 10*r + 8. List the prime factors of q(5).
2, 37, 71
Let a(p) = 36*p + p**2 + 14*p**2 - 312 - 314 + 942 - p**3 - 307. List the prime factors of a(16).
7, 47
Suppose 168 = -4*d + 8*d. Suppose r - d = 4*r. What are the prime factors of (-2)/(-14) - (0 + 306/r)?
2, 11
Suppose -3*t = 2*q + 142 - 19, t + 41 = -2*q. Let w = -39 - t. List the prime factors of w/4*(3 + -2 - -15).
2
Let x(m) = 976*m**2 - 16*m - 19. What are the prime factors of x(-2)?
3917
Let c(o) = o + 54. Let v be c(17). Let b = v + -11. List the prime factors of b.
2, 3, 5
Let b(f) = -2*f**2 - 2*f + 3. Let t be b(1). Let u(k) = 146*k. Let c be u(t). Let r = 28 - c. List the prime factors of r.
2, 3, 29
Suppose 0 = 5*d - 2*d - 249. Let g = 790 + -786. Suppose -g*u + 553 = -d. List the prime factors of u.
3, 53
Suppose -136*g = 30*g + 42*g - 284960. What are the prime factors of g?
2, 5, 137
Suppose -1640 = -2*m - 4*b, 5*b = m - 541 - 258. Suppose 0 = -4*t + h + 1070, 7*t = 10*t + 5*h - m. What are the prime factors of t?
2, 67
Suppose 4*l = -3*l + 56896. Suppose -24*a = -40*a + l. What are the prime factors of a?
2, 127
Let y = 118 - 88. Let a = 48 - y. What are the prime factors of a?
2, 3
List the prime factors of (-140)/(-168) - ((-986)/(-9))/((-4)/273).
2, 3739
Suppose 18*u - 10*u = -576. Let c = u - -324. List the prime factors of c.
2, 3, 7
Let y(v) = -3*v - 62. Let s be y(-17). Let g(o) = -114*o + 74. List the prime factors of g(s).
2, 83
Let c(v) = 191*v - 26. Let m = 348 + -343. List the prime factors of c(m).
929
Suppose 6*c - 54033 - 56505 = -10602. List the prime factors of c.
2, 3, 347
Let v = 19 - -15. Suppose 3*y + 10 = v. Suppose 370 = -3*a + y*a. What are the prime factors of a?
2, 37
Suppose -5*h = 4*t - 24926, 77*t = h + 72*t - 4991. List the prime factors of h.
2, 3, 277
Let p = 228 - 466. Let s = 1344 + p. What are the prime factors of s?
2, 7, 79
Let x(t) = -t**3 + 28*t**2 - 39*t + 9. What are the prime factors of x(17)?
5, 101
Suppose k + 2*k = 7*k - 42940. What are the prime factors of k?
5, 19, 113
Let a = 601 + -251. Suppose -2*s + 1003 = -t, 0 = -5*s + 4*t + 2850 - a. List the prime factors of s.
2, 3, 7
Suppose 0 = 3*l + 3*t - 5997, 0 = 57*l - 62*l + 4*t + 10013. List the prime factors of l.
3, 23, 29
Let g(d) = -132*d + 22. Let z be g(-7). Suppose -z + 134 = -7*p. Suppose q - p = -5*u + 64, -4*q + 2*u = -632. What are the prime factors of q?
2, 5
List the prime factors of (-1)/(20499024/1863550 - 11).
5, 47, 61
Let j(w) = 6*w - 243. Let y be j(41). Suppose 0*z 